 7, -4*m + 53 = -3*g - 6. List the prime factors of m.
11
Let m(j) = -j**2 - 3*j + 7. Let s be m(-5). What are the prime factors of (s + (-3)/(-6))*-4?
2, 5
Let s be 4*(3/(-4) - 0). What are the prime factors of 22 + (-3 - -2 - s)?
2, 3
Let u be (-10)/(-3)*(-6)/(-5). Suppose s + u*s - 45 = 0. What are the prime factors of s?
3
Let x = -53 + 26. Let r = x - -16. Let z(c) = -c - 5. What are the prime factors of z(r)?
2, 3
Suppose -v + 17 = 2*r - 25, -r = -2*v + 109. List the prime factors of v.
2, 13
Suppose 3*y + 3*r = -27, 4 + 3 = 2*y - 3*r. Let v(i) = 4*i**2 + 5*i - 3. What are the prime factors of v(y)?
41
Suppose 78 + 106 = 2*s. What are the prime factors of s?
2, 23
Suppose -2*h - 54 = -5*h. List the prime factors of h.
2, 3
Suppose 2*l + 2*l = -204. Let b be 3/(18/l)*-2. Let j = b + -7. What are the prime factors of j?
2, 5
Suppose 2*g = -3*j + 194, 3*j - 151 = 5*g - 615. What are the prime factors of g?
2, 47
Suppose -2*o = -12*o + 490. List the prime factors of o.
7
Let n(f) = -4*f**3 - 7*f + 6. Let o(u) = 7*u**3 - u**2 + 13*u - 11. Let s(m) = 5*n(m) + 3*o(m). What are the prime factors of s(3)?
3
Suppose j - 17 = -2*k, 3*j - 1 = 2*j + 2*k. What are the prime factors of j?
3
Let x(w) = w**3 - 10*w**2 - 9*w - 11. What are the prime factors of x(11)?
11
Let m(b) = 2*b**2 - b. Let f be m(0). Suppose 4*y - 44 = -2*u, f = 2*y - 2 - 6. What are the prime factors of u?
2, 7
Let r(s) = 38*s. What are the prime factors of r(2)?
2, 19
Let m be (1 - (-18)/4)*2. Suppose -f = -5 - m. What are the prime factors of f?
2
Let z(m) = 2*m**3 - 2*m**2 + 2*m - 3. Let o be z(2). Suppose -2*b + o = -b. Let h = b + 1. List the prime factors of h.
2, 5
Suppose -85 = -5*n - 3*a - 2*a, -4*n + 3*a + 61 = 0. Let b be 4/(-20) + n/5. Suppose -5*v = b*l - 51, -l + 2*v = l - 18. What are the prime factors of l?
2, 3
Let z(c) = 35*c + 24. List the prime factors of z(6).
2, 3, 13
Suppose 3*s = 8 + 43. List the prime factors of -1*(-4)/(4/s).
17
Suppose r - 535 = -5*v, 3*v + r - 3*r - 334 = 0. What are the prime factors of v?
2, 3
Suppose 12*d = 2*d + 710. List the prime factors of d.
71
Let y = 50 - 20. What are the prime factors of y?
2, 3, 5
Suppose -h = -0*h - 111. Let g = h - 73. List the prime factors of g.
2, 19
Let w(o) be the third derivative of o**8/10080 - o**7/1680 - o**5/20 + 4*o**2. Let v(c) be the third derivative of w(c). What are the prime factors of v(3)?
3
Suppose -5*c + y + 14 = 2*y, 2*y - 4 = -2*c. Suppose c*t = -2*r - 99, 0*t = 5*r - 2*t + 295. What are the prime factors of r/(-21) + (-4)/(-14)?
3
Suppose -3*d + 15 = 0, -2*z + 1080 = 3*z + 5*d. List the prime factors of z.
211
Let y(j) = j**3 - 10*j**2 + 8*j + 13. Let u be y(9). Suppose x + 1 = -u*c + 13, -2*x + 4 = -2*c. List the prime factors of c.
2
Suppose -2*m - 2*l = l - 8, 4*l + 4 = m. Suppose 65 = m*d + 2*o + o, 52 = 3*d - o. List the prime factors of d.
17
Let g be 1 - (-2 + (3 - 2)). Suppose g*k + 107 = -33. List the prime factors of (2/4)/((-5)/k).
7
Let m(f) = -f**3 + 9*f**2 - 5*f - 3. What are the prime factors of m(8)?
3, 7
Let x = 1 + -22. Let a be (-9)/(-2)*8/1. Let u = a + x. List the prime factors of u.
3, 5
Suppose -4*b + 110 = 2*m, m = 2*b - 25 - 32. What are the prime factors of b?
2, 7
Suppose -2*a = -0*d - 3*d + 109, -2*d = -2*a - 76. What are the prime factors of d?
3, 11
Suppose 3*s = 49 + 47. List the prime factors of s.
2
Let g = 40 - 8. List the prime factors of g.
2
Let q = 3 - 6. Let o be (2 + 0)*q/(-2). Suppose -o*a + 30 = 2*a. List the prime factors of a.
2, 3
Suppose 4*v + 5*y = 266, -4*v + 246 = -2*y - 3*y. List the prime factors of v.
2
Let z = 11 + -14. Let t = 15 + z. List the prime factors of t.
2, 3
Let a(u) = u**2 + 4*u - 4. Let g be a(-5). Let z(b) be the third derivative of 3*b**5/20 - 3*b**2. What are the prime factors of z(g)?
3
Let v be -81*((-6)/9 + -1). Suppose 3 - v = 2*m. List the prime factors of (10/(-15))/(4/m).
11
Let x(w) = w**3 - 10*w**2 - 10*w + 2*w + 7 - 4*w + w. List the prime factors of x(11).
7
Let k be (-3)/9 - 7/(-3). Suppose k*o - 3*o = 0. Suppose 3*n - 2*n - 9 = o. What are the prime factors of n?
3
Suppose 0 = 3*i - 7*i + 32. Let y be (-89)/(-3) + 1/3. Suppose 0 = 5*q + 5*m - y, -2*m - i = 2*m. What are the prime factors of q?
2
Suppose 4*v = 122 + 894. What are the prime factors of v?
2, 127
Let x = 126 + -37. List the prime factors of x.
89
Let r(a) = -a**3 - 4*a**2 - 2*a + 2. List the prime factors of r(-4).
2, 5
Let m be 20/24 - 2/(-12). List the prime factors of (-4)/(-2) - (-1 + m).
2
Suppose -7*s + 5*s = -166. Let y = -55 + s. What are the prime factors of y?
2, 7
Let h = -324 - -545. List the prime factors of h.
13, 17
Let s(k) = -k**3 + 15*k**2 + k - 19. Let c be s(15). Let w(b) = -b**3 - 2*b**2 + 2*b + 3. What are the prime factors of w(c)?
3
Suppose 2 = -4*o + 22. Suppose o*b + 2*l = 140, -4*b - 2*l = -l - 112. What are the prime factors of b?
2, 7
Suppose 5*u - 30 = 5*h, 0 = -4*h - 0*h - 2*u. Let i be (21/6)/((-1)/h). Let y(w) = -w + 14. List the prime factors of y(i).
7
Let i = 23 - 2. Let x = i + -11. List the prime factors of x.
2, 5
Suppose -2*d + 23 = 3*u, 6*u - 36 = -4*d + 2*u. Suppose -4 = d*f - 56. Suppose -5 - f = -3*a. List the prime factors of a.
2, 3
Let r(s) = -3*s. Let u be r(-2). Let v = -1 + u. List the prime factors of v.
5
Let m = 1 + 2. Let d = m + -7. What are the prime factors of (d/5)/((-12)/90)?
2, 3
Let r = 108 - 52. Let q = r - 33. List the prime factors of q.
23
Suppose -2*o + 4*v = 2*v - 4, -3*o + 7 = -2*v. Let d = o + 11. What are the prime factors of d?
2, 7
Let s be (3 - 7)*3*-7. Let j = s + -56. List the prime factors of j.
2, 7
Suppose -k + 56 = 4*n, 5*n + 18 - 3 = 0. What are the prime factors of k?
2, 17
Suppose 0*l = -3*l + 48. Let g = 31 - l. What are the prime factors of g?
3, 5
Let c = 20 - -9. Suppose 2*s - 4*d + 0 = 10, 4*d = -s + c. List the prime factors of s.
13
List the prime factors of ((1 - 0) + -3)*1651/(-13).
2, 127
Let u(m) = 33*m**2 - m - 1. Let x be u(-1). Suppose 4*q - x = -9. List the prime factors of q.
2, 3
Let t = 137 - 48. List the prime factors of t.
89
Suppose -5*v - 3*s = -166, 2*v - 2*s - 82 = 2*s. List the prime factors of v.
5, 7
Let u = 3 - 7. What are the prime factors of ((-97 - -1)/u)/1?
2, 3
Let w = 33 + 11. Let r be 0*(-1 + 2 - 0). Suppose 4*p - w = -5*q + 2*q, 5*p - 3*q - 82 = r. What are the prime factors of p?
2, 7
List the prime factors of 508/16 - (-1)/4.
2
Let f(y) = 3*y - 4. Let b be f(9). Let r = 31 - b. What are the prime factors of r?
2
Let o be 17/4 + 3/(-12). Let y(m) = 17*m - 7. What are the prime factors of y(o)?
61
Let w(q) = -12*q - 22. List the prime factors of w(-16).
2, 5, 17
Suppose 4*p = 1546 + 2090. Suppose -4*s + s = p. List the prime factors of s/(-27) + (-4)/18.
11
Let n = -8 + -15. Let f = n - -47. What are the prime factors of f?
2, 3
Let g(m) = 19*m**3 + 2*m**2 - m. Let t be g(1). Suppose 4*b + 0*b = -t. Let f(h) = -h**2 - 6*h + 1. List the prime factors of f(b).
2, 3
Let z(d) = d**2 + d + 1. Let x be z(6). Suppose 62 = 5*a - x. Suppose 0 = -3*g - 0*g + a. List the prime factors of g.
7
Suppose 0 = d + m - 72, 0 = -5*d - m + 184 + 184. Let i = d - 35. List the prime factors of i.
3, 13
Let v = 8 + 39. What are the prime factors of v?
47
Let f(i) = 58*i**2 - 2*i + 8. What are the prime factors of f(2)?
2, 59
List the prime factors of (24/(-1))/((-16)/24).
2, 3
Suppose 0 = -3*k + 7*k - 40. Let p be (-1)/2 + 815/k. Suppose 0 = 5*x - p + 11. What are the prime factors of x?
2, 7
Suppose 3*b = -0*b + 9. Suppose -b*t - 3 = i, -3*i = -2*i - 5*t - 13. What are the prime factors of i?
3
What are the prime factors of (1/4*194)/(4/8)?
97
Let h(k) = -1 + k + 14*k - k. List the prime factors of h(1).
13
Let i(g) = -4*g**3 - 9*g**2 - 15*g + 11. Let t(a) = -5*a**3 - 9*a**2 - 16*a + 12. Let l(q) = 6*i(q) - 5*t(q). List the prime factors of l(10).
2, 3
Let n be 4/10*(-20)/(-4). Suppose -9 + 47 = -n*q. Let d = -7 - q. List the prime factors of d.
2, 3
Let c = -1 - 2. Let y(p) = -3*p - 1. What are the prime factors of y(c)?
2
Suppose -x + 20 = x + 4*h, 5*h - 25 = 4*x. Suppose -4*d + x*r - r = -96, d = 4*r + 24. List the prime factors of d.
2, 3
Let t be 16/4 + -2 - -3. Suppose 0 = t*u + 2*g - 140, u = -2*u + 5*g + 115. List the prime factors o